 3) to base 9.
-145
What is 22201102 (base 3) in base 6?
45232
876 (base 11) to base 5
13201
What is -2658 (base 15) in base 3?
-102020002
17 (base 16) to base 15
18
What is 7680 (base 10) in base 9?
11473
Convert -19a (base 11) to base 5.
-1410
a8 (base 14) to base 16
94
Convert 322 (base 7) to base 9.
201
10122 (base 7) to base 12
1516
Convert 5555 (base 6) to base 3.
1202222
What is 333211 (base 4) in base 10?
4069
35b (base 13) to base 4
21013
Convert -421 (base 9) to base 7.
-1000
What is 9950 (base 13) in base 7?
116162
4180 (base 9) to base 10
3069
What is 356 (base 13) in base 15?
288
What is -102221111 (base 3) in base 14?
-325d
Convert 303224 (base 5) to base 6.
113234
What is -6a7 (base 14) in base 2?
-10100101011
Convert 514 (base 6) to base 2.
10111110
What is 2b2 (base 14) in base 8?
1044
Convert -10013030 (base 4) to base 16.
-41cc
Convert -9790 (base 15) to base 16.
-7d55
Convert b50 (base 13) to base 11.
149a
-d00 (base 16) to base 3
-11120021
What is -c8c (base 16) in base 9?
-4358
Convert -6754 (base 11) to base 14.
-3352
Convert -1000011111010 (base 2) to base 7.
-15446
Convert 111001111 (base 2) to base 13.
298
What is -453030 (base 6) in base 13?
-14544
Convert 66 (base 9) to base 4.
330
-31b (base 12) to base 13
-290
What is -33873 (base 9) in base 3?
-1010222110
What is -11002 (base 3) in base 8?
-156
Convert -186 (base 10) to base 11.
-15a
Convert -11210 (base 4) to base 5.
-2411
-f6b (base 16) to base 12
-234b
Convert 11010011 (base 3) to base 15.
d51
What is -2b3 (base 16) in base 6?
-3111
11732 (base 8) to base 14
1bd0
What is -422 (base 9) in base 2?
-101011000
Convert -14b0 (base 14) to base 8.
-7142
428 (base 12) to base 11
503
-50443 (base 8) to base 12
-1002b
What is -2521 (base 11) in base 15?
-e95
What is -3436 (base 8) in base 12?
-107a
6418 (base 9) to base 3
20110122
-1011010101 (base 2) to base 11
-5aa
7746 (base 12) to base 5
410113
What is -54aa (base 11) in base 7?
-30110
What is 342 (base 7) in base 6?
453
1795 (base 16) to base 6
43541
-2227 (base 8) to base 13
-6c5
-540 (base 7) to base 14
-157
-2889 (base 16) to base 11
-7884
-442 (base 9) to base 11
-2aa
-122102 (base 3) to base 10
-470
10000020 (base 3) to base 5
32233
Convert -25243 (base 6) to base 7.
-13665
-10200000 (base 3) to base 2
-101001110001
What is -3330 (base 11) in base 4?
-1010211
What is -1620 (base 15) in base 10?
-4755
Convert 7641 (base 14) to base 8.
47731
-32480 (base 10) to base 14
-bba0
35a (base 16) to base 2
1101011010
Convert -101011010100101 (base 2) to base 3.
-1010102112
11000011001101 (base 2) to base 16
30cd
Convert 183 (base 9) to base 16.
9c
What is 545 (base 11) in base 15?
2d9
-4870 (base 11) to base 8
-14341
What is -50773 (base 9) in base 8?
-101236
494 (base 10) to base 3
200022
-11311 (base 5) to base 2
-1100111111
Convert -714 (base 11) to base 15.
-3c7
What is -28cc (base 14) in base 15?
-2226
Convert 9a0 (base 16) to base 2.
100110100000
Convert -312a9 (base 11) to base 14.
-128a3
What is -1168 (base 14) in base 3?
-11011022
Convert 7557 (base 8) to base 13.
1a4c
Convert -1196 (base 13) to base 11.
-1963
What is -474 (base 11) in base 14?
-2c5
What is 101010111 (base 2) in base 5?
2333
10101110 (base 3) to base 12
1519
-2346 (base 7) to base 16
-363
What is 2a98 (base 13) in base 11?
4735
Convert -8a5 (base 13) to base 9.
-2032
What is -836 (base 13) in base 9?
-1822
Convert 740c (base 14) to base 15.
5dd9
66253 (base 9) to base 12
21526
Convert -129 (base 11) to base 14.
-ac
328 (base 12) to base 14
252
Convert -13522 (base 6) to base 11.
-1674
What is -327 (base 16) in base 9?
-1086
-21151 (base 7) to base 2
-1010001101110
What is -20012200 (base 4) in base 11?
-22a28
Convert 100100000 (base 2) to base 6.
1200
-14245 (base 6) to base 13
-104c
Convert 15721 (base 8) to base 6.
52545
Convert 1102 (base 8) to base 3.
210102
Convert -254 (base 7) to base 8.
-211
-46303 (base 7) to base 15
-3777
Convert 12b (base 16) to base 11.
252
Convert -110111101 (base 2) to base 16.
-1bd
-1632 (base 9) to base 2
-10011011100
-232221 (base 4) to base 11
-2274
Convert 15225 (base 7) to base 6.
31333
What is 1101111011101 (base 2) in base 6?
53005
-1013 (base 5) to base 4
-2011
Convert -1021102 (base 3) to base 6.
-4145
What is -77877 (base 9) in base 10?
-51748
Convert 231 (base 4) to base 6.
113
What is -7cc (base 13) in base 6?
-10131
642 (base 7) to base 11
275
What is 2147 (base 13) in base 4?
1020032
Convert 1230133 (base 4) to base 5.
210233
Convert -1110000010000 (base 2) to base 6.
-53132
-344 (base 6) to base 7
-253
-13110 (base 4) to base 9
-570
203 (base 6) to base 16
4b
-111110111 (base 2) to base 12
-35b
Convert -101111000 (base 2) to base 11.
-312
-302032 (base 4) to base 8
-6216
What is 204562 (base 7) in base 4?
20213023
What is 19b4 (base 15) in base 3?
21122021
Convert 386 (base 14) to base 16.
2c2
-27622 (base 12) to base 15
-11208
-161 (base 9) to base 6
-344
What is -10532 (base 6) in base 16?
-5d8
What is 47e (base 16) in base 15?
51a
-10110010001 (base 2) to base 13
-858
Convert 26d (base 15) to base 3.
202111
Convert 173a (base 11) to base 15.
9d1
Convert b24 (base 16) to base 6.
21112
1829 (base 10) to base 15
81e
Convert 152036 (base 7) to base 13.
10592
What is 10232 (base 4) in base 5?
2202
What is -87ab (base 13) in base 7?
-106050
Convert 62d (base 15) to base 7.
4030
2010022102 (base 3) to base 8
121464
Convert 13332 (base 4) to base 16.
1fe
-20354 (base 7) to base 4
-1031330
3724 (base 9) to base 6
20504
Convert 4164 (base 8) to base 6.
14004
What is 9488 (base 12) in base 8?
37550
Convert -102333101 (base 4) to base 3.
-10221200122
1022301 (base 4) to base 12
2929
What is -1707 (base 9) in base 15?
-5bd
103622 (base 9) to base 11
4242a
Convert b5 (base 14) to base 3.
12220
Convert 312231 (base 5) to base 14.
3a8c
Convert -2201120 (base 3) to base 11.
-1546
-17375 (base 12) to base 3
-1200202022
-3988 (base 12) to base 11
-4a46
-124 (base 10) to base 16
-7c
Convert -1113130 (base 4) to base 11.
-4228
What is -b51 (base 12) in base 5?
-23040
What is -1886 (base 11) in base 4?
-211121
What is 1101010 (base 2) in base 8?
152
-1ad1 (base 15) to base 12
-3451
-1111011111011 (base 2) to base 3
-101212202
What is -100001101100011 (base 2) in base 14?
-6403
What is -10000200 (base 3) in base 13?
-1008
b1da (base 16) to base 9
68408
-210244 (base 6) to base 14
-6268
Convert c65 (base 13) to base 11.
164a
Convert -1101220 (base 3) to base 12.
-713
Convert 15ae (base 16) to base 11.
4196
What is -11101000 (base 2) in base 16?
-e8
-1236 (base 10) to base 3
-1200210
-21412 (base 9) to base 2
-11011101101010
2882 (base 10) to base 9
3852
What is -121043 (base 6) in base 16?
-2973
-22101 (base 3) to base 2
-11100010
143053 (base 6) to base 10
13641
90 (base 14) to base 12
a6
20333 (base 6) to base 15
c16
8b (base 15) to base 14
95
What is 102013 (base 5) in base 11?
25a6
What is -14b8 (base 15) in base 4?
-1011200
-121843 (base 9) to base 6
-1324403
Convert -18615 (base 9) to base 16.
-325d
12188 (base 9) to base 2
1111111110100
What is 30423 (base 5) in base 8?
3704
Convert -4355 (base 8) to base 5.
-33120
Convert -16230 (base 7) to base 3.
-20021120
What is -1974 (base 14) in base 4?
-1020002
Convert 101 (base 11) to base 10.
122
-134 (base 11) to base 13
-c2
-13c (base 13) to base 8
-334
-1221223 (base 5) to base 13
-a7c4
Convert 16285 (base 10) to base 16.
3f9d
-23001231 (base 4) to base 3
-2021221210
What is 557b (base 16) in base 10?
21883
What is -2201 (base 4) in base 5?
-1121
What is -220112 (base 5) in base 16?
-1d6c
-3818a (base 12) to base 14
-1db2a
2d5b (base 15) to base 10
9761
What is -34cd (base 15) in base 6?
-123534
Convert 283 (base 16) to base 5.
10033
What is -6d (base 16) in base 15?
-74
What is -21032 (base 5) in base 8?
-2560
Convert -10010001110 (base 2) to base 4.
-102032
Convert -210110 (base 3) to base 13.
-357
262 (base 8) to base 13
109
Convert 8 (base 15) to base 8.
10
Convert -2648 (base 16) to base 9.
-14388
-3233300 (base 4) to base 3
-210001022
10031 (base 8) to base 7
15005
What is -1034e (base 15) in base 5?
-3120444
Convert 4000 (base 7) to base 13.
817
Convert 461660 (base 7) to base 9.
134818
What is 18d (base 16) in base 12?
291
Convert -3220121 (base 5) to b